{"id":4766,"date":"2025-03-24T18:20:35","date_gmt":"2025-03-24T18:20:35","guid":{"rendered":"https:\/\/agrupamentonisa.edu.gov.pt\/site\/?page_id=4766"},"modified":"2025-03-25T09:48:05","modified_gmt":"2025-03-25T09:48:05","slug":"matriculas","status":"publish","type":"page","link":"https:\/\/agrupamentonisa.edu.gov.pt\/site\/matriculas\/","title":{"rendered":"Matr\u00edculas"},"content":{"rendered":"\t\t<div data-elementor-type=\"wp-page\" data-elementor-id=\"4766\" class=\"elementor elementor-4766\" data-elementor-post-type=\"page\">\n\t\t\t\t<div class=\"elementor-element elementor-element-5feff17 e-con-full e-flex elementor-invisible e-con e-parent\" data-id=\"5feff17\" data-element_type=\"container\" data-e-type=\"container\" data-settings=\"{&quot;background_background&quot;:&quot;classic&quot;,&quot;animation&quot;:&quot;fadeInLeft&quot;}\">\n\t\t\t\t<div class=\"elementor-element elementor-element-6a23058 elementor-widget elementor-widget-heading\" data-id=\"6a23058\" data-element_type=\"widget\" data-e-type=\"widget\" data-widget_type=\"heading.default\">\n\t\t\t\t<div class=\"elementor-widget-container\">\n\t\t\t\t\t<h2 class=\"elementor-heading-title elementor-size-default\">Informa\u00e7\u00f5es<\/h2>\t\t\t\t<\/div>\n\t\t\t\t<\/div>\n\t\t<div class=\"elementor-element elementor-element-495a42b e-con-full e-flex elementor-invisible e-con e-child\" data-id=\"495a42b\" data-element_type=\"container\" data-e-type=\"container\" data-settings=\"{&quot;animation&quot;:&quot;fadeInUp&quot;,&quot;background_background&quot;:&quot;classic&quot;}\">\n\t\t\t\t<div class=\"elementor-element elementor-element-47fe416 elementor-invisible elementor-widget elementor-widget-text-editor\" data-id=\"47fe416\" data-element_type=\"widget\" data-e-type=\"widget\" data-settings=\"{&quot;_animation&quot;:&quot;fadeInUp&quot;}\" data-widget_type=\"text-editor.default\">\n\t\t\t\t<div class=\"elementor-widget-container\">\n\t\t\t\t\t\t\t\t\t<p>Calend\u00e1rio de matriculas para o ano letivo 2025\/2026<\/p><table width=\"939\"><tbody><tr><td width=\"244\"><p><b>\u00a0N\u00edvel de Ensino\/Ano<\/b><\/p><\/td><td width=\"145\"><p><b>Matr\u00edculas EE<\/b><\/p><\/td><td width=\"184\"><p><b>Tratamento AE\/EnA<\/b><\/p><\/td><td width=\"171\"><p><b>Listas provis\u00f3rias<\/b><\/p><\/td><td width=\"195\"><p><b>Listas de admitidos<\/b><\/p><\/td><\/tr><tr><td width=\"244\"><p><b>EPE \/ 1.\u00ba ano<\/b><\/p><\/td><td width=\"145\"><p>22\/04 a 31\/05<\/p><\/td><td width=\"184\"><p>01\/06 a 16\/06<\/p><\/td><td width=\"171\"><p>At\u00e9 16\/06<\/p><\/td><td width=\"195\"><p>01\/07<\/p><\/td><\/tr><tr><td width=\"244\"><p><b>2.\u00ba, 3.\u00ba, 4.\u00ba anos<\/b><\/p><\/td><td width=\"145\"><p>01\/07 a 11\/07<\/p><\/td><td width=\"184\"><p>12\/07 a 31\/07<\/p><\/td><td width=\"171\"><p>&#8212;<\/p><\/td><td width=\"195\"><p>31\/07<\/p><\/td><\/tr><tr><td width=\"244\"><p><b>5.\u00ba ano<\/b><\/p><\/td><td width=\"145\"><p>01\/07 a 11\/07<\/p><\/td><td width=\"184\"><p>12\/07 a 18\/07<\/p><\/td><td width=\"171\"><p>18\/07<\/p><\/td><td width=\"195\"><p>31\/07<\/p><\/td><\/tr><tr><td width=\"244\"><p><b>6.\u00ba, 8.\u00ba, 9.\u00ba, 11.\u00ba anos<\/b><\/p><\/td><td width=\"145\"><p>16\/06 a 27\/06<\/p><\/td><td width=\"184\"><p>28\/06 a 31\/07<\/p><\/td><td width=\"171\"><p>&#8212;<\/p><\/td><td width=\"195\"><p>31\/07<\/p><\/td><\/tr><tr><td width=\"244\"><p><b>7.\u00ba ano<\/b><\/p><\/td><td width=\"145\"><p>16\/06 a 27\/06<\/p><\/td><td width=\"184\"><p>28\/06 a 04\/07<\/p><\/td><td width=\"171\"><p>04\/07<\/p><\/td><td width=\"195\"><p>31\/07<\/p><\/td><\/tr><tr><td width=\"244\"><p><b>10.\u00ba ano<\/b><\/p><\/td><td width=\"145\"><p>15\/07 a 22\/07<\/p><\/td><td width=\"184\"><p>23\/07 a 29\/07<\/p><\/td><td width=\"171\"><p>29\/07<\/p><\/td><td width=\"195\"><p>31\/07<\/p><\/td><\/tr><tr><td width=\"244\"><p><b>12.\u00ba ano<\/b><\/p><\/td><td width=\"145\"><p>15\/07 a 22\/07<\/p><\/td><td width=\"184\"><p>23\/07 a 31\/07<\/p><\/td><td width=\"171\"><p>&#8212;<\/p><\/td><td width=\"195\"><p>31\/07<\/p><\/td><\/tr><\/tbody><\/table>\t\t\t\t\t\t\t\t<\/div>\n\t\t\t\t<\/div>\n\t\t\t\t<\/div>\n\t\t\t\t<\/div>\n\t\t<div class=\"elementor-element elementor-element-ea197a0 e-con-full e-flex elementor-invisible e-con e-parent\" data-id=\"ea197a0\" data-element_type=\"container\" data-e-type=\"container\" data-settings=\"{&quot;background_background&quot;:&quot;classic&quot;,&quot;animation&quot;:&quot;fadeInLeft&quot;}\">\n\t\t\t\t<div class=\"elementor-element elementor-element-a12d409 elementor-invisible elementor-widget elementor-widget-heading\" data-id=\"a12d409\" data-element_type=\"widget\" data-e-type=\"widget\" data-settings=\"{&quot;_animation&quot;:&quot;fadeInLeft&quot;}\" data-widget_type=\"heading.default\">\n\t\t\t\t<div class=\"elementor-widget-container\">\n\t\t\t\t\t<h2 class=\"elementor-heading-title elementor-size-default\">Portal das Matr\u00edculas<\/h2>\t\t\t\t<\/div>\n\t\t\t\t<\/div>\n\t\t\t\t<\/div>\n\t\t<div class=\"elementor-element elementor-element-5f2f35c e-con-full e-flex elementor-invisible e-con e-parent\" data-id=\"5f2f35c\" data-element_type=\"container\" data-e-type=\"container\" data-settings=\"{&quot;animation&quot;:&quot;fadeInUp&quot;}\">\n\t\t<div class=\"elementor-element elementor-element-8924b44 e-con-full e-flex e-con e-child\" data-id=\"8924b44\" data-element_type=\"container\" data-e-type=\"container\">\n\t\t\t\t<div class=\"elementor-element elementor-element-495f86a elementor-widget elementor-widget-image\" data-id=\"495f86a\" data-element_type=\"widget\" data-e-type=\"widget\" data-widget_type=\"image.default\">\n\t\t\t\t<div class=\"elementor-widget-container\">\n\t\t\t\t\t\t\t\t\t\t\t\t\t\t\t\t<a href=\"https:\/\/www.portaldasmatriculas.edu.gov.pt\/\" target=\"_blank\">\n\t\t\t\t\t\t\t<img fetchpriority=\"high\" decoding=\"async\" width=\"915\" height=\"249\" src=\"https:\/\/agrupamentonisa.edu.gov.pt\/site\/wp-content\/uploads\/2025\/03\/logo_portal_das_matriculas.png\" class=\"attachment-full size-full wp-image-4768\" alt=\"\" srcset=\"https:\/\/agrupamentonisa.edu.gov.pt\/site\/wp-content\/uploads\/2025\/03\/logo_portal_das_matriculas.png 915w, https:\/\/agrupamentonisa.edu.gov.pt\/site\/wp-content\/uploads\/2025\/03\/logo_portal_das_matriculas-300x82.png 300w, https:\/\/agrupamentonisa.edu.gov.pt\/site\/wp-content\/uploads\/2025\/03\/logo_portal_das_matriculas-768x209.png 768w\" sizes=\"(max-width: 915px) 100vw, 915px\" \/>\t\t\t\t\t\t\t\t<\/a>\n\t\t\t\t\t\t\t\t\t\t\t\t\t\t\t<\/div>\n\t\t\t\t<\/div>\n\t\t\t\t<\/div>\n\t\t<div class=\"elementor-element elementor-element-9da82e5 e-con-full e-flex e-con e-child\" data-id=\"9da82e5\" data-element_type=\"container\" data-e-type=\"container\">\n\t\t\t\t<div class=\"elementor-element elementor-element-bc635fc elementor-widget elementor-widget-heading\" data-id=\"bc635fc\" data-element_type=\"widget\" data-e-type=\"widget\" data-widget_type=\"heading.default\">\n\t\t\t\t<div class=\"elementor-widget-container\">\n\t\t\t\t\t<h4 class=\"elementor-heading-title elementor-size-default\"><a href=\"https:\/\/www.portaldasmatriculas.edu.gov.pt\/\" target=\"_blank\">Aceder ao Portal das Matr\u00edculas<\/a><\/h4>\t\t\t\t<\/div>\n\t\t\t\t<\/div>\n\t\t\t\t<\/div>\n\t\t\t\t<\/div>\n\t\t<div class=\"elementor-element elementor-element-1be5375 e-con-full e-flex e-con e-parent\" data-id=\"1be5375\" data-element_type=\"container\" data-e-type=\"container\" data-settings=\"{&quot;background_background&quot;:&quot;classic&quot;}\">\n\t\t\t\t<div class=\"elementor-element elementor-element-980db2a elementor-widget elementor-widget-shortcode\" data-id=\"980db2a\" data-element_type=\"widget\" data-e-type=\"widget\" data-widget_type=\"shortcode.default\">\n\t\t\t\t<div class=\"elementor-widget-container\">\n\t\t\t\t\t\t\t<div class=\"elementor-shortcode\">Data da \u00faltima altera\u00e7\u00e3o 25 de Mar\u00e7o, 2025<\/div>\n\t\t\t\t\t\t<\/div>\n\t\t\t\t<\/div>\n\t\t\t\t<\/div>\n\t\t\t\t<\/div>\n\t\t","protected":false},"excerpt":{"rendered":"<p>Informa\u00e7\u00f5es Calend\u00e1rio de matriculas para o ano letivo 2025\/2026 \u00a0N\u00edvel de Ensino\/Ano Matr\u00edculas EE Tratamento AE\/EnA Listas provis\u00f3rias Listas de&#8230;<\/p>\n","protected":false},"author":1,"featured_media":0,"parent":0,"menu_order":0,"comment_status":"closed","ping_status":"closed","template":"","meta":{"_lmt_disableupdate":"","_lmt_disable":"","footnotes":""},"class_list":["post-4766","page","type-page","status-publish","hentry"],"yoast_head":"<!-- This site is optimized with the Yoast SEO plugin v25.5 - https:\/\/yoast.com\/wordpress\/plugins\/seo\/ -->\n<title>Matr\u00edculas - Agrupamento de Escolas Nisa<\/title>\n<meta name=\"robots\" content=\"index, follow, max-snippet:-1, max-image-preview:large, max-video-preview:-1\" \/>\n<link rel=\"canonical\" href=\"https:\/\/agrupamentonisa.edu.gov.pt\/site\/matriculas\/\" \/>\n<meta property=\"og:locale\" content=\"pt_PT\" \/>\n<meta property=\"og:type\" content=\"article\" \/>\n<meta property=\"og:title\" content=\"Matr\u00edculas - Agrupamento de Escolas Nisa\" \/>\n<meta property=\"og:description\" content=\"Informa\u00e7\u00f5es Calend\u00e1rio de matriculas para o ano letivo 2025\/2026 \u00a0N\u00edvel de Ensino\/Ano Matr\u00edculas EE Tratamento AE\/EnA Listas provis\u00f3rias Listas de...\" \/>\n<meta property=\"og:url\" content=\"https:\/\/agrupamentonisa.edu.gov.pt\/site\/matriculas\/\" \/>\n<meta property=\"og:site_name\" content=\"Agrupamento de Escolas Nisa\" \/>\n<meta property=\"article:publisher\" content=\"https:\/\/www.facebook.com\/p\/Agrupamento-de-Escolas-de-Nisa-100031784060549\/?locale=pt_PT\" \/>\n<meta property=\"article:modified_time\" content=\"2025-03-25T09:48:05+00:00\" \/>\n<meta property=\"og:image\" content=\"https:\/\/agrupamentonisa.edu.gov.pt\/site\/wp-content\/uploads\/2025\/03\/logo_portal_das_matriculas.png\" \/>\n\t<meta property=\"og:image:width\" content=\"915\" \/>\n\t<meta property=\"og:image:height\" content=\"249\" \/>\n\t<meta property=\"og:image:type\" content=\"image\/png\" \/>\n<meta name=\"twitter:card\" content=\"summary_large_image\" \/>\n<meta name=\"twitter:label1\" content=\"Tempo estimado de leitura\" \/>\n\t<meta name=\"twitter:data1\" content=\"1 minuto\" \/>\n<script type=\"application\/ld+json\" class=\"yoast-schema-graph\">{\"@context\":\"https:\/\/schema.org\",\"@graph\":[{\"@type\":\"WebPage\",\"@id\":\"https:\/\/agrupamentonisa.edu.gov.pt\/site\/matriculas\/\",\"url\":\"https:\/\/agrupamentonisa.edu.gov.pt\/site\/matriculas\/\",\"name\":\"Matr\u00edculas - Agrupamento de Escolas Nisa\",\"isPartOf\":{\"@id\":\"https:\/\/agrupamentonisa.edu.gov.pt\/site\/#website\"},\"primaryImageOfPage\":{\"@id\":\"https:\/\/agrupamentonisa.edu.gov.pt\/site\/matriculas\/#primaryimage\"},\"image\":{\"@id\":\"https:\/\/agrupamentonisa.edu.gov.pt\/site\/matriculas\/#primaryimage\"},\"thumbnailUrl\":\"https:\/\/agrupamentonisa.edu.gov.pt\/site\/wp-content\/uploads\/2025\/03\/logo_portal_das_matriculas.png\",\"datePublished\":\"2025-03-24T18:20:35+00:00\",\"dateModified\":\"2025-03-25T09:48:05+00:00\",\"breadcrumb\":{\"@id\":\"https:\/\/agrupamentonisa.edu.gov.pt\/site\/matriculas\/#breadcrumb\"},\"inLanguage\":\"pt-PT\",\"potentialAction\":[{\"@type\":\"ReadAction\",\"target\":[\"https:\/\/agrupamentonisa.edu.gov.pt\/site\/matriculas\/\"]}]},{\"@type\":\"ImageObject\",\"inLanguage\":\"pt-PT\",\"@id\":\"https:\/\/agrupamentonisa.edu.gov.pt\/site\/matriculas\/#primaryimage\",\"url\":\"https:\/\/agrupamentonisa.edu.gov.pt\/site\/wp-content\/uploads\/2025\/03\/logo_portal_das_matriculas.png\",\"contentUrl\":\"https:\/\/agrupamentonisa.edu.gov.pt\/site\/wp-content\/uploads\/2025\/03\/logo_portal_das_matriculas.png\",\"width\":915,\"height\":249},{\"@type\":\"BreadcrumbList\",\"@id\":\"https:\/\/agrupamentonisa.edu.gov.pt\/site\/matriculas\/#breadcrumb\",\"itemListElement\":[{\"@type\":\"ListItem\",\"position\":1,\"name\":\"In\u00edcio\",\"item\":\"https:\/\/agrupamentonisa.edu.gov.pt\/site\/\"},{\"@type\":\"ListItem\",\"position\":2,\"name\":\"Matr\u00edculas\"}]},{\"@type\":\"WebSite\",\"@id\":\"https:\/\/agrupamentonisa.edu.gov.pt\/site\/#website\",\"url\":\"https:\/\/agrupamentonisa.edu.gov.pt\/site\/\",\"name\":\"Agrupamento de Escolas Nisa\",\"description\":\"Site Escolar do Agrupamento de Escolas Nisa\",\"publisher\":{\"@id\":\"https:\/\/agrupamentonisa.edu.gov.pt\/site\/#organization\"},\"potentialAction\":[{\"@type\":\"SearchAction\",\"target\":{\"@type\":\"EntryPoint\",\"urlTemplate\":\"https:\/\/agrupamentonisa.edu.gov.pt\/site\/?s={search_term_string}\"},\"query-input\":{\"@type\":\"PropertyValueSpecification\",\"valueRequired\":true,\"valueName\":\"search_term_string\"}}],\"inLanguage\":\"pt-PT\"},{\"@type\":\"Organization\",\"@id\":\"https:\/\/agrupamentonisa.edu.gov.pt\/site\/#organization\",\"name\":\"Agrupamento de Escolas Nisa\",\"url\":\"https:\/\/agrupamentonisa.edu.gov.pt\/site\/\",\"logo\":{\"@type\":\"ImageObject\",\"inLanguage\":\"pt-PT\",\"@id\":\"https:\/\/agrupamentonisa.edu.gov.pt\/site\/#\/schema\/logo\/image\/\",\"url\":\"https:\/\/agrupamentonisa.edu.gov.pt\/site\/wp-content\/uploads\/2024\/03\/logo.png\",\"contentUrl\":\"https:\/\/agrupamentonisa.edu.gov.pt\/site\/wp-content\/uploads\/2024\/03\/logo.png\",\"width\":1086,\"height\":546,\"caption\":\"Agrupamento de Escolas Nisa\"},\"image\":{\"@id\":\"https:\/\/agrupamentonisa.edu.gov.pt\/site\/#\/schema\/logo\/image\/\"},\"sameAs\":[\"https:\/\/www.facebook.com\/p\/Agrupamento-de-Escolas-de-Nisa-100031784060549\/?locale=pt_PT\",\"https:\/\/www.youtube.com\/@canalyoutubeagrupamentonisa\"]}]}<\/script>\n<!-- \/ Yoast SEO plugin. -->","yoast_head_json":{"title":"Matr\u00edculas - Agrupamento de Escolas Nisa","robots":{"index":"index","follow":"follow","max-snippet":"max-snippet:-1","max-image-preview":"max-image-preview:large","max-video-preview":"max-video-preview:-1"},"canonical":"https:\/\/agrupamentonisa.edu.gov.pt\/site\/matriculas\/","og_locale":"pt_PT","og_type":"article","og_title":"Matr\u00edculas - Agrupamento de Escolas Nisa","og_description":"Informa\u00e7\u00f5es Calend\u00e1rio de matriculas para o ano letivo 2025\/2026 \u00a0N\u00edvel de Ensino\/Ano Matr\u00edculas EE Tratamento AE\/EnA Listas provis\u00f3rias Listas de...","og_url":"https:\/\/agrupamentonisa.edu.gov.pt\/site\/matriculas\/","og_site_name":"Agrupamento de Escolas Nisa","article_publisher":"https:\/\/www.facebook.com\/p\/Agrupamento-de-Escolas-de-Nisa-100031784060549\/?locale=pt_PT","article_modified_time":"2025-03-25T09:48:05+00:00","og_image":[{"width":915,"height":249,"url":"https:\/\/agrupamentonisa.edu.gov.pt\/site\/wp-content\/uploads\/2025\/03\/logo_portal_das_matriculas.png","type":"image\/png"}],"twitter_card":"summary_large_image","twitter_misc":{"Tempo estimado de leitura":"1 minuto"},"schema":{"@context":"https:\/\/schema.org","@graph":[{"@type":"WebPage","@id":"https:\/\/agrupamentonisa.edu.gov.pt\/site\/matriculas\/","url":"https:\/\/agrupamentonisa.edu.gov.pt\/site\/matriculas\/","name":"Matr\u00edculas - Agrupamento de Escolas Nisa","isPartOf":{"@id":"https:\/\/agrupamentonisa.edu.gov.pt\/site\/#website"},"primaryImageOfPage":{"@id":"https:\/\/agrupamentonisa.edu.gov.pt\/site\/matriculas\/#primaryimage"},"image":{"@id":"https:\/\/agrupamentonisa.edu.gov.pt\/site\/matriculas\/#primaryimage"},"thumbnailUrl":"https:\/\/agrupamentonisa.edu.gov.pt\/site\/wp-content\/uploads\/2025\/03\/logo_portal_das_matriculas.png","datePublished":"2025-03-24T18:20:35+00:00","dateModified":"2025-03-25T09:48:05+00:00","breadcrumb":{"@id":"https:\/\/agrupamentonisa.edu.gov.pt\/site\/matriculas\/#breadcrumb"},"inLanguage":"pt-PT","potentialAction":[{"@type":"ReadAction","target":["https:\/\/agrupamentonisa.edu.gov.pt\/site\/matriculas\/"]}]},{"@type":"ImageObject","inLanguage":"pt-PT","@id":"https:\/\/agrupamentonisa.edu.gov.pt\/site\/matriculas\/#primaryimage","url":"https:\/\/agrupamentonisa.edu.gov.pt\/site\/wp-content\/uploads\/2025\/03\/logo_portal_das_matriculas.png","contentUrl":"https:\/\/agrupamentonisa.edu.gov.pt\/site\/wp-content\/uploads\/2025\/03\/logo_portal_das_matriculas.png","width":915,"height":249},{"@type":"BreadcrumbList","@id":"https:\/\/agrupamentonisa.edu.gov.pt\/site\/matriculas\/#breadcrumb","itemListElement":[{"@type":"ListItem","position":1,"name":"In\u00edcio","item":"https:\/\/agrupamentonisa.edu.gov.pt\/site\/"},{"@type":"ListItem","position":2,"name":"Matr\u00edculas"}]},{"@type":"WebSite","@id":"https:\/\/agrupamentonisa.edu.gov.pt\/site\/#website","url":"https:\/\/agrupamentonisa.edu.gov.pt\/site\/","name":"Agrupamento de Escolas Nisa","description":"Site Escolar do Agrupamento de Escolas Nisa","publisher":{"@id":"https:\/\/agrupamentonisa.edu.gov.pt\/site\/#organization"},"potentialAction":[{"@type":"SearchAction","target":{"@type":"EntryPoint","urlTemplate":"https:\/\/agrupamentonisa.edu.gov.pt\/site\/?s={search_term_string}"},"query-input":{"@type":"PropertyValueSpecification","valueRequired":true,"valueName":"search_term_string"}}],"inLanguage":"pt-PT"},{"@type":"Organization","@id":"https:\/\/agrupamentonisa.edu.gov.pt\/site\/#organization","name":"Agrupamento de Escolas Nisa","url":"https:\/\/agrupamentonisa.edu.gov.pt\/site\/","logo":{"@type":"ImageObject","inLanguage":"pt-PT","@id":"https:\/\/agrupamentonisa.edu.gov.pt\/site\/#\/schema\/logo\/image\/","url":"https:\/\/agrupamentonisa.edu.gov.pt\/site\/wp-content\/uploads\/2024\/03\/logo.png","contentUrl":"https:\/\/agrupamentonisa.edu.gov.pt\/site\/wp-content\/uploads\/2024\/03\/logo.png","width":1086,"height":546,"caption":"Agrupamento de Escolas Nisa"},"image":{"@id":"https:\/\/agrupamentonisa.edu.gov.pt\/site\/#\/schema\/logo\/image\/"},"sameAs":["https:\/\/www.facebook.com\/p\/Agrupamento-de-Escolas-de-Nisa-100031784060549\/?locale=pt_PT","https:\/\/www.youtube.com\/@canalyoutubeagrupamentonisa"]}]}},"_links":{"self":[{"href":"https:\/\/agrupamentonisa.edu.gov.pt\/site\/wp-json\/wp\/v2\/pages\/4766","targetHints":{"allow":["GET"]}}],"collection":[{"href":"https:\/\/agrupamentonisa.edu.gov.pt\/site\/wp-json\/wp\/v2\/pages"}],"about":[{"href":"https:\/\/agrupamentonisa.edu.gov.pt\/site\/wp-json\/wp\/v2\/types\/page"}],"author":[{"embeddable":true,"href":"https:\/\/agrupamentonisa.edu.gov.pt\/site\/wp-json\/wp\/v2\/users\/1"}],"replies":[{"embeddable":true,"href":"https:\/\/agrupamentonisa.edu.gov.pt\/site\/wp-json\/wp\/v2\/comments?post=4766"}],"version-history":[{"count":10,"href":"https:\/\/agrupamentonisa.edu.gov.pt\/site\/wp-json\/wp\/v2\/pages\/4766\/revisions"}],"predecessor-version":[{"id":4787,"href":"https:\/\/agrupamentonisa.edu.gov.pt\/site\/wp-json\/wp\/v2\/pages\/4766\/revisions\/4787"}],"wp:attachment":[{"href":"https:\/\/agrupamentonisa.edu.gov.pt\/site\/wp-json\/wp\/v2\/media?parent=4766"}],"curies":[{"name":"wp","href":"https:\/\/api.w.org\/{rel}","templated":true}]}}