{"id":3283,"date":"2024-04-19T10:52:27","date_gmt":"2024-04-19T10:52:27","guid":{"rendered":"https:\/\/agrupamentonisa.edu.gov.pt\/site\/\/?page_id=3283"},"modified":"2025-04-08T15:04:58","modified_gmt":"2025-04-08T15:04:58","slug":"clube-de-ciencia-e-ambiente","status":"publish","type":"page","link":"https:\/\/agrupamentonisa.edu.gov.pt\/site\/clube-de-ciencia-e-ambiente\/","title":{"rendered":"Clube de Ci\u00eancia e Ambiente"},"content":{"rendered":"\t\t<div data-elementor-type=\"wp-page\" data-elementor-id=\"3283\" class=\"elementor elementor-3283\" data-elementor-post-type=\"page\">\n\t\t\t\t<div class=\"elementor-element elementor-element-d0bd86a e-con-full e-flex elementor-invisible e-con e-parent\" data-id=\"d0bd86a\" data-element_type=\"container\" data-e-type=\"container\" data-settings=\"{&quot;animation&quot;:&quot;fadeInLeft&quot;}\">\n\t\t\t\t<div class=\"elementor-element elementor-element-f05e65c elementor-widget elementor-widget-heading\" data-id=\"f05e65c\" data-element_type=\"widget\" data-e-type=\"widget\" data-widget_type=\"heading.default\">\n\t\t\t\t<div class=\"elementor-widget-container\">\n\t\t\t\t\t<h2 class=\"elementor-heading-title elementor-size-default\">Clube de Ci\u00eancia e Ambiente<\/h2>\t\t\t\t<\/div>\n\t\t\t\t<\/div>\n\t\t\t\t<\/div>\n\t\t<div class=\"elementor-element elementor-element-59536ea e-con-full e-flex elementor-invisible e-con e-parent\" data-id=\"59536ea\" data-element_type=\"container\" data-e-type=\"container\" data-settings=\"{&quot;animation&quot;:&quot;fadeInUp&quot;}\">\n\t\t<div class=\"elementor-element elementor-element-7716fc0 e-con-full e-flex e-con e-child\" data-id=\"7716fc0\" data-element_type=\"container\" data-e-type=\"container\">\n\t\t\t\t<div class=\"elementor-element elementor-element-2241ebe elementor-widget elementor-widget-image\" data-id=\"2241ebe\" data-element_type=\"widget\" data-e-type=\"widget\" data-widget_type=\"image.default\">\n\t\t\t\t<div class=\"elementor-widget-container\">\n\t\t\t\t\t\t\t\t\t\t\t\t\t\t\t<img decoding=\"async\" width=\"251\" height=\"173\" src=\"https:\/\/agrupamentonisa.edu.gov.pt\/site\/wp-content\/uploads\/2024\/03\/clube_ciencia_viva_ambiente.png\" class=\"attachment-medium size-medium wp-image-2704\" alt=\"\" \/>\t\t\t\t\t\t\t\t\t\t\t\t\t\t\t<\/div>\n\t\t\t\t<\/div>\n\t\t\t\t<div class=\"elementor-element elementor-element-fd81312 elementor-widget elementor-widget-text-editor\" data-id=\"fd81312\" data-element_type=\"widget\" data-e-type=\"widget\" data-widget_type=\"text-editor.default\">\n\t\t\t\t<div class=\"elementor-widget-container\">\n\t\t\t\t\t\t\t\t\t<h5 style=\"text-align: center;\"><span style=\"color: #6ec1ff;\"><strong>P\u00fablico Alvo:<\/strong><\/span><\/h5><p style=\"text-align: center;\">Pr\u00e9-escolar, 1.\u00ba, 2.\u00ba, 3.\u00ba Ciclos e Secund\u00e1rio<\/p><h5 style=\"text-align: center;\"><span style=\"color: #6ec1ff;\"><strong>Coordenador (es):<\/strong><\/span><\/h5><p style=\"text-align: center;\">Professor Joaquim Ferreira<\/p><h5 style=\"text-align: center;\"><span style=\"color: #6ec1ff;\"><strong>Email Coordenador (es):<\/strong><\/span><\/h5><p style=\"text-align: center;\">420joaquimferreira@escolasdenisa.education<\/p><h5 style=\"text-align: center;\"><span style=\"color: #cc99ff;\"><strong>Breve descri\u00e7\u00e3o do Projeto<\/strong><strong>:<\/strong><\/span><\/h5><p style=\"text-align: center;\">O Clube de Ci\u00eancia e Ambiente integra a Rede de Clubes Ci\u00eancia Viva na Escola desde 2022. Trata-se de um espa\u00e7o que proporciona o desenvolvimento da cultura cient\u00edfica, c\u00edvica e emocional dos alunos do Agrupamento e que pretende contribuir para a promo\u00e7\u00e3o do sucesso escolar, bem como para a literacia cient\u00edfica e tecnol\u00f3gica dos alunos e da comunidade educativa.<\/p><h5 style=\"text-align: center;\"><span style=\"color: #6ec1ff;\"><strong>Pa<\/strong><strong>rcerias do Clube:<\/strong><\/span><\/h5><p style=\"text-align: center;\">C\u00e2mara Municipal de Nisa;<br \/>Centro Ci\u00eancia Viva de Estremoz;<br \/>Centro Ci\u00eancia Viva de Proen\u00e7a-a-Nova <br \/>Polit\u00e9cnico de Castelo Branco;<br \/>Polit\u00e9cnico de Portalegre;<br \/>Universidade de Coimbra;<br \/>Universidade de \u00c9vora;<\/p>\t\t\t\t\t\t\t\t<\/div>\n\t\t\t\t<\/div>\n\t\t\t\t<\/div>\n\t\t<div class=\"elementor-element elementor-element-c0c8e19 e-con-full e-flex e-con e-child\" data-id=\"c0c8e19\" data-element_type=\"container\" data-e-type=\"container\">\n\t\t\t\t<div class=\"elementor-element elementor-element-eb32e82 elementor-widget elementor-widget-heading\" data-id=\"eb32e82\" data-element_type=\"widget\" data-e-type=\"widget\" data-widget_type=\"heading.default\">\n\t\t\t\t<div class=\"elementor-widget-container\">\n\t\t\t\t\t<h5 class=\"elementor-heading-title elementor-size-default\">Objetivos<\/h5>\t\t\t\t<\/div>\n\t\t\t\t<\/div>\n\t\t\t\t<div class=\"elementor-element elementor-element-d4a613c elementor-widget elementor-widget-text-editor\" data-id=\"d4a613c\" data-element_type=\"widget\" data-e-type=\"widget\" data-widget_type=\"text-editor.default\">\n\t\t\t\t<div class=\"elementor-widget-container\">\n\t\t\t\t\t\t\t\t\t<p>\u2022 Contribuir para a promo\u00e7\u00e3o de uma cultura cient\u00edfica no AE;\u2022 Despertar a curiosidade cient\u00edfica;<br \/>\u2022 Desenvolver o gosto pela observa\u00e7\u00e3o, pela experimenta\u00e7\u00e3o e pelo conhecimento cient\u00edfico;<br \/>\u2022 Desenvolver o gosto pela aprendizagem das ci\u00eancias pela via experimental, dentro e fora do espa\u00e7o f\u00edsico da sala de aula;<br \/>\u2022 Mobilizar saberes culturais, cient\u00edficos e tecnol\u00f3gicos para compreender a realidade e para abordar situa\u00e7\u00f5es e problemas do quotidiano;<br \/>\u2022 Aprofundar a articula\u00e7\u00e3o entre ciclos de ensino;<br \/>\u2022 Promover o interc\u00e2mbio com outras escolas e institui\u00e7\u00f5es de investiga\u00e7\u00e3o cient\u00edfica;<br \/>\u2022 Desenvolver a criatividade;<\/p>\t\t\t\t\t\t\t\t<\/div>\n\t\t\t\t<\/div>\n\t\t\t\t<\/div>\n\t\t<div class=\"elementor-element elementor-element-79eb6a2 e-con-full e-flex e-con e-child\" data-id=\"79eb6a2\" data-element_type=\"container\" data-e-type=\"container\">\n\t\t\t\t<div class=\"elementor-element elementor-element-542dc21 elementor-widget elementor-widget-heading\" data-id=\"542dc21\" data-element_type=\"widget\" data-e-type=\"widget\" data-widget_type=\"heading.default\">\n\t\t\t\t<div class=\"elementor-widget-container\">\n\t\t\t\t\t<h5 class=\"elementor-heading-title elementor-size-default\">Atividades<\/h5>\t\t\t\t<\/div>\n\t\t\t\t<\/div>\n\t\t\t\t<div class=\"elementor-element elementor-element-21142ec elementor-widget elementor-widget-text-editor\" data-id=\"21142ec\" data-element_type=\"widget\" data-e-type=\"widget\" data-widget_type=\"text-editor.default\">\n\t\t\t\t<div class=\"elementor-widget-container\">\n\t\t\t\t\t\t\t\t\t<p>\u2022 Equipar as instala\u00e7\u00f5es do Clube Ci\u00eancia Viva;<br \/>\u2022 Realiza\u00e7\u00e3o de ateliers semanais, em diferentes hor\u00e1rios;<br \/>\u2022 Articula\u00e7\u00e3o com outros projetos existentes no Agrupamento;<br \/>\u2022 Realiza\u00e7\u00e3o de visitas de estudo;<br \/>\u2022 Promo\u00e7\u00e3o de encontros, semin\u00e1rios e workshops;<br \/>\u2022 Comemora\u00e7\u00e3o de dias essenciais para a sa\u00fade humana;<\/p>\t\t\t\t\t\t\t\t<\/div>\n\t\t\t\t<\/div>\n\t\t\t\t<\/div>\n\t\t\t\t<\/div>\n\t\t<div class=\"elementor-element elementor-element-fbd2666 e-con-full e-flex elementor-invisible e-con e-parent\" data-id=\"fbd2666\" data-element_type=\"container\" data-e-type=\"container\" data-settings=\"{&quot;animation&quot;:&quot;fadeInLeft&quot;}\">\n\t\t\t\t<div class=\"elementor-element elementor-element-ae91b5c elementor-widget elementor-widget-heading\" data-id=\"ae91b5c\" data-element_type=\"widget\" data-e-type=\"widget\" data-widget_type=\"heading.default\">\n\t\t\t\t<div class=\"elementor-widget-container\">\n\t\t\t\t\t<h2 class=\"elementor-heading-title elementor-size-default\">Evid\u00eancias<\/h2>\t\t\t\t<\/div>\n\t\t\t\t<\/div>\n\t\t\t\t<\/div>\n\t\t<div class=\"elementor-element elementor-element-9fc3da7 e-con-full e-flex e-con e-parent\" data-id=\"9fc3da7\" data-element_type=\"container\" data-e-type=\"container\">\n\t\t\t\t<div class=\"elementor-element elementor-element-994404d elementor-widget elementor-widget-heading\" data-id=\"994404d\" data-element_type=\"widget\" data-e-type=\"widget\" data-widget_type=\"heading.default\">\n\t\t\t\t<div class=\"elementor-widget-container\">\n\t\t\t\t\t<h2 class=\"elementor-heading-title elementor-size-default\">Not\u00edcias<\/h2>\t\t\t\t<\/div>\n\t\t\t\t<\/div>\n\t\t\t\t<\/div>\n\t\t<div class=\"elementor-element elementor-element-4c8d88a e-con-full e-flex e-con e-parent\" data-id=\"4c8d88a\" data-element_type=\"container\" data-e-type=\"container\" data-settings=\"{&quot;background_background&quot;:&quot;classic&quot;}\">\n\t\t\t\t<div class=\"elementor-element elementor-element-f458ee6 elementor-widget elementor-widget-shortcode\" data-id=\"f458ee6\" data-element_type=\"widget\" data-e-type=\"widget\" data-widget_type=\"shortcode.default\">\n\t\t\t\t<div class=\"elementor-widget-container\">\n\t\t\t\t\t\t\t<div class=\"elementor-shortcode\">Data da \u00faltima altera\u00e7\u00e3o 8 de Abril, 2025<\/div>\n\t\t\t\t\t\t<\/div>\n\t\t\t\t<\/div>\n\t\t\t\t<\/div>\n\t\t\t\t<\/div>\n\t\t","protected":false},"excerpt":{"rendered":"<p>Clube de Ci\u00eancia e Ambiente P\u00fablico Alvo: Pr\u00e9-escolar, 1.\u00ba, 2.\u00ba, 3.\u00ba Ciclos e Secund\u00e1rio Coordenador (es): Professor Joaquim Ferreira Email&#8230;<\/p>\n","protected":false},"author":1,"featured_media":0,"parent":0,"menu_order":0,"comment_status":"closed","ping_status":"closed","template":"elementor_theme","meta":{"_lmt_disableupdate":"","_lmt_disable":"","footnotes":""},"class_list":["post-3283","page","type-page","status-publish","hentry"],"yoast_head":"<!-- This site is optimized with the Yoast SEO plugin v25.5 - https:\/\/yoast.com\/wordpress\/plugins\/seo\/ -->\n<title>Clube de Ci\u00eancia e Ambiente - Agrupamento de Escolas Nisa<\/title>\n<meta name=\"robots\" content=\"index, follow, max-snippet:-1, max-image-preview:large, max-video-preview:-1\" \/>\n<link rel=\"canonical\" href=\"https:\/\/agrupamentonisa.edu.gov.pt\/site\/clube-de-ciencia-e-ambiente\/\" \/>\n<meta property=\"og:locale\" content=\"pt_PT\" \/>\n<meta property=\"og:type\" content=\"article\" \/>\n<meta property=\"og:title\" content=\"Clube de Ci\u00eancia e Ambiente - Agrupamento de Escolas Nisa\" \/>\n<meta property=\"og:description\" content=\"Clube de Ci\u00eancia e Ambiente P\u00fablico Alvo: Pr\u00e9-escolar, 1.\u00ba, 2.\u00ba, 3.\u00ba Ciclos e Secund\u00e1rio Coordenador (es): Professor Joaquim Ferreira Email...\" \/>\n<meta property=\"og:url\" content=\"https:\/\/agrupamentonisa.edu.gov.pt\/site\/clube-de-ciencia-e-ambiente\/\" \/>\n<meta property=\"og:site_name\" content=\"Agrupamento de Escolas Nisa\" \/>\n<meta property=\"article:publisher\" content=\"https:\/\/www.facebook.com\/p\/Agrupamento-de-Escolas-de-Nisa-100031784060549\/?locale=pt_PT\" \/>\n<meta property=\"article:modified_time\" content=\"2025-04-08T15:04:58+00:00\" \/>\n<meta property=\"og:image\" content=\"https:\/\/agrupamentonisa.edu.gov.pt\/site\/wp-content\/uploads\/2024\/03\/clube_ciencia_viva_ambiente.png\" \/>\n\t<meta property=\"og:image:width\" content=\"251\" \/>\n\t<meta property=\"og:image:height\" content=\"173\" \/>\n\t<meta property=\"og:image:type\" content=\"image\/png\" \/>\n<meta name=\"twitter:card\" content=\"summary_large_image\" \/>\n<meta name=\"twitter:label1\" content=\"Tempo estimado de leitura\" \/>\n\t<meta name=\"twitter:data1\" content=\"2 minutos\" \/>\n<script type=\"application\/ld+json\" class=\"yoast-schema-graph\">{\"@context\":\"https:\/\/schema.org\",\"@graph\":[{\"@type\":\"WebPage\",\"@id\":\"https:\/\/agrupamentonisa.edu.gov.pt\/site\/clube-de-ciencia-e-ambiente\/\",\"url\":\"https:\/\/agrupamentonisa.edu.gov.pt\/site\/clube-de-ciencia-e-ambiente\/\",\"name\":\"Clube de Ci\u00eancia e Ambiente - Agrupamento de Escolas Nisa\",\"isPartOf\":{\"@id\":\"https:\/\/agrupamentonisa.edu.gov.pt\/site\/#website\"},\"primaryImageOfPage\":{\"@id\":\"https:\/\/agrupamentonisa.edu.gov.pt\/site\/clube-de-ciencia-e-ambiente\/#primaryimage\"},\"image\":{\"@id\":\"https:\/\/agrupamentonisa.edu.gov.pt\/site\/clube-de-ciencia-e-ambiente\/#primaryimage\"},\"thumbnailUrl\":\"https:\/\/agrupamentonisa.edu.gov.pt\/site\/wp-content\/uploads\/2024\/03\/clube_ciencia_viva_ambiente.png\",\"datePublished\":\"2024-04-19T10:52:27+00:00\",\"dateModified\":\"2025-04-08T15:04:58+00:00\",\"breadcrumb\":{\"@id\":\"https:\/\/agrupamentonisa.edu.gov.pt\/site\/clube-de-ciencia-e-ambiente\/#breadcrumb\"},\"inLanguage\":\"pt-PT\",\"potentialAction\":[{\"@type\":\"ReadAction\",\"target\":[\"https:\/\/agrupamentonisa.edu.gov.pt\/site\/clube-de-ciencia-e-ambiente\/\"]}]},{\"@type\":\"ImageObject\",\"inLanguage\":\"pt-PT\",\"@id\":\"https:\/\/agrupamentonisa.edu.gov.pt\/site\/clube-de-ciencia-e-ambiente\/#primaryimage\",\"url\":\"https:\/\/agrupamentonisa.edu.gov.pt\/site\/wp-content\/uploads\/2024\/03\/clube_ciencia_viva_ambiente.png\",\"contentUrl\":\"https:\/\/agrupamentonisa.edu.gov.pt\/site\/wp-content\/uploads\/2024\/03\/clube_ciencia_viva_ambiente.png\",\"width\":251,\"height\":173},{\"@type\":\"BreadcrumbList\",\"@id\":\"https:\/\/agrupamentonisa.edu.gov.pt\/site\/clube-de-ciencia-e-ambiente\/#breadcrumb\",\"itemListElement\":[{\"@type\":\"ListItem\",\"position\":1,\"name\":\"In\u00edcio\",\"item\":\"https:\/\/agrupamentonisa.edu.gov.pt\/site\/\"},{\"@type\":\"ListItem\",\"position\":2,\"name\":\"Clube de Ci\u00eancia e Ambiente\"}]},{\"@type\":\"WebSite\",\"@id\":\"https:\/\/agrupamentonisa.edu.gov.pt\/site\/#website\",\"url\":\"https:\/\/agrupamentonisa.edu.gov.pt\/site\/\",\"name\":\"Agrupamento de Escolas Nisa\",\"description\":\"Site Escolar do Agrupamento de Escolas Nisa\",\"publisher\":{\"@id\":\"https:\/\/agrupamentonisa.edu.gov.pt\/site\/#organization\"},\"potentialAction\":[{\"@type\":\"SearchAction\",\"target\":{\"@type\":\"EntryPoint\",\"urlTemplate\":\"https:\/\/agrupamentonisa.edu.gov.pt\/site\/?s={search_term_string}\"},\"query-input\":{\"@type\":\"PropertyValueSpecification\",\"valueRequired\":true,\"valueName\":\"search_term_string\"}}],\"inLanguage\":\"pt-PT\"},{\"@type\":\"Organization\",\"@id\":\"https:\/\/agrupamentonisa.edu.gov.pt\/site\/#organization\",\"name\":\"Agrupamento de Escolas Nisa\",\"url\":\"https:\/\/agrupamentonisa.edu.gov.pt\/site\/\",\"logo\":{\"@type\":\"ImageObject\",\"inLanguage\":\"pt-PT\",\"@id\":\"https:\/\/agrupamentonisa.edu.gov.pt\/site\/#\/schema\/logo\/image\/\",\"url\":\"https:\/\/agrupamentonisa.edu.gov.pt\/site\/wp-content\/uploads\/2024\/03\/logo.png\",\"contentUrl\":\"https:\/\/agrupamentonisa.edu.gov.pt\/site\/wp-content\/uploads\/2024\/03\/logo.png\",\"width\":1086,\"height\":546,\"caption\":\"Agrupamento de Escolas Nisa\"},\"image\":{\"@id\":\"https:\/\/agrupamentonisa.edu.gov.pt\/site\/#\/schema\/logo\/image\/\"},\"sameAs\":[\"https:\/\/www.facebook.com\/p\/Agrupamento-de-Escolas-de-Nisa-100031784060549\/?locale=pt_PT\",\"https:\/\/www.youtube.com\/@canalyoutubeagrupamentonisa\"]}]}<\/script>\n<!-- \/ Yoast SEO plugin. -->","yoast_head_json":{"title":"Clube de Ci\u00eancia e Ambiente - Agrupamento de Escolas Nisa","robots":{"index":"index","follow":"follow","max-snippet":"max-snippet:-1","max-image-preview":"max-image-preview:large","max-video-preview":"max-video-preview:-1"},"canonical":"https:\/\/agrupamentonisa.edu.gov.pt\/site\/clube-de-ciencia-e-ambiente\/","og_locale":"pt_PT","og_type":"article","og_title":"Clube de Ci\u00eancia e Ambiente - Agrupamento de Escolas Nisa","og_description":"Clube de Ci\u00eancia e Ambiente P\u00fablico Alvo: Pr\u00e9-escolar, 1.\u00ba, 2.\u00ba, 3.\u00ba Ciclos e Secund\u00e1rio Coordenador (es): Professor Joaquim Ferreira Email...","og_url":"https:\/\/agrupamentonisa.edu.gov.pt\/site\/clube-de-ciencia-e-ambiente\/","og_site_name":"Agrupamento de Escolas Nisa","article_publisher":"https:\/\/www.facebook.com\/p\/Agrupamento-de-Escolas-de-Nisa-100031784060549\/?locale=pt_PT","article_modified_time":"2025-04-08T15:04:58+00:00","og_image":[{"width":251,"height":173,"url":"https:\/\/agrupamentonisa.edu.gov.pt\/site\/wp-content\/uploads\/2024\/03\/clube_ciencia_viva_ambiente.png","type":"image\/png"}],"twitter_card":"summary_large_image","twitter_misc":{"Tempo estimado de leitura":"2 minutos"},"schema":{"@context":"https:\/\/schema.org","@graph":[{"@type":"WebPage","@id":"https:\/\/agrupamentonisa.edu.gov.pt\/site\/clube-de-ciencia-e-ambiente\/","url":"https:\/\/agrupamentonisa.edu.gov.pt\/site\/clube-de-ciencia-e-ambiente\/","name":"Clube de Ci\u00eancia e Ambiente - Agrupamento de Escolas Nisa","isPartOf":{"@id":"https:\/\/agrupamentonisa.edu.gov.pt\/site\/#website"},"primaryImageOfPage":{"@id":"https:\/\/agrupamentonisa.edu.gov.pt\/site\/clube-de-ciencia-e-ambiente\/#primaryimage"},"image":{"@id":"https:\/\/agrupamentonisa.edu.gov.pt\/site\/clube-de-ciencia-e-ambiente\/#primaryimage"},"thumbnailUrl":"https:\/\/agrupamentonisa.edu.gov.pt\/site\/wp-content\/uploads\/2024\/03\/clube_ciencia_viva_ambiente.png","datePublished":"2024-04-19T10:52:27+00:00","dateModified":"2025-04-08T15:04:58+00:00","breadcrumb":{"@id":"https:\/\/agrupamentonisa.edu.gov.pt\/site\/clube-de-ciencia-e-ambiente\/#breadcrumb"},"inLanguage":"pt-PT","potentialAction":[{"@type":"ReadAction","target":["https:\/\/agrupamentonisa.edu.gov.pt\/site\/clube-de-ciencia-e-ambiente\/"]}]},{"@type":"ImageObject","inLanguage":"pt-PT","@id":"https:\/\/agrupamentonisa.edu.gov.pt\/site\/clube-de-ciencia-e-ambiente\/#primaryimage","url":"https:\/\/agrupamentonisa.edu.gov.pt\/site\/wp-content\/uploads\/2024\/03\/clube_ciencia_viva_ambiente.png","contentUrl":"https:\/\/agrupamentonisa.edu.gov.pt\/site\/wp-content\/uploads\/2024\/03\/clube_ciencia_viva_ambiente.png","width":251,"height":173},{"@type":"BreadcrumbList","@id":"https:\/\/agrupamentonisa.edu.gov.pt\/site\/clube-de-ciencia-e-ambiente\/#breadcrumb","itemListElement":[{"@type":"ListItem","position":1,"name":"In\u00edcio","item":"https:\/\/agrupamentonisa.edu.gov.pt\/site\/"},{"@type":"ListItem","position":2,"name":"Clube de Ci\u00eancia e Ambiente"}]},{"@type":"WebSite","@id":"https:\/\/agrupamentonisa.edu.gov.pt\/site\/#website","url":"https:\/\/agrupamentonisa.edu.gov.pt\/site\/","name":"Agrupamento de Escolas Nisa","description":"Site Escolar do Agrupamento de Escolas Nisa","publisher":{"@id":"https:\/\/agrupamentonisa.edu.gov.pt\/site\/#organization"},"potentialAction":[{"@type":"SearchAction","target":{"@type":"EntryPoint","urlTemplate":"https:\/\/agrupamentonisa.edu.gov.pt\/site\/?s={search_term_string}"},"query-input":{"@type":"PropertyValueSpecification","valueRequired":true,"valueName":"search_term_string"}}],"inLanguage":"pt-PT"},{"@type":"Organization","@id":"https:\/\/agrupamentonisa.edu.gov.pt\/site\/#organization","name":"Agrupamento de Escolas Nisa","url":"https:\/\/agrupamentonisa.edu.gov.pt\/site\/","logo":{"@type":"ImageObject","inLanguage":"pt-PT","@id":"https:\/\/agrupamentonisa.edu.gov.pt\/site\/#\/schema\/logo\/image\/","url":"https:\/\/agrupamentonisa.edu.gov.pt\/site\/wp-content\/uploads\/2024\/03\/logo.png","contentUrl":"https:\/\/agrupamentonisa.edu.gov.pt\/site\/wp-content\/uploads\/2024\/03\/logo.png","width":1086,"height":546,"caption":"Agrupamento de Escolas Nisa"},"image":{"@id":"https:\/\/agrupamentonisa.edu.gov.pt\/site\/#\/schema\/logo\/image\/"},"sameAs":["https:\/\/www.facebook.com\/p\/Agrupamento-de-Escolas-de-Nisa-100031784060549\/?locale=pt_PT","https:\/\/www.youtube.com\/@canalyoutubeagrupamentonisa"]}]}},"_links":{"self":[{"href":"https:\/\/agrupamentonisa.edu.gov.pt\/site\/wp-json\/wp\/v2\/pages\/3283","targetHints":{"allow":["GET"]}}],"collection":[{"href":"https:\/\/agrupamentonisa.edu.gov.pt\/site\/wp-json\/wp\/v2\/pages"}],"about":[{"href":"https:\/\/agrupamentonisa.edu.gov.pt\/site\/wp-json\/wp\/v2\/types\/page"}],"author":[{"embeddable":true,"href":"https:\/\/agrupamentonisa.edu.gov.pt\/site\/wp-json\/wp\/v2\/users\/1"}],"replies":[{"embeddable":true,"href":"https:\/\/agrupamentonisa.edu.gov.pt\/site\/wp-json\/wp\/v2\/comments?post=3283"}],"version-history":[{"count":27,"href":"https:\/\/agrupamentonisa.edu.gov.pt\/site\/wp-json\/wp\/v2\/pages\/3283\/revisions"}],"predecessor-version":[{"id":4834,"href":"https:\/\/agrupamentonisa.edu.gov.pt\/site\/wp-json\/wp\/v2\/pages\/3283\/revisions\/4834"}],"wp:attachment":[{"href":"https:\/\/agrupamentonisa.edu.gov.pt\/site\/wp-json\/wp\/v2\/media?parent=3283"}],"curies":[{"name":"wp","href":"https:\/\/api.w.org\/{rel}","templated":true}]}}