{"id":2193,"date":"2024-01-26T16:20:09","date_gmt":"2024-01-26T16:20:09","guid":{"rendered":"https:\/\/agrupamentonisa.edu.gov.pt\/site\/\/?page_id=2193"},"modified":"2024-06-19T09:36:23","modified_gmt":"2024-06-19T09:36:23","slug":"jardim-infancia-de-alpalhao","status":"publish","type":"page","link":"https:\/\/agrupamentonisa.edu.gov.pt\/site\/jardim-infancia-de-alpalhao\/","title":{"rendered":"Jardim de Inf\u00e2ncia de Alpalh\u00e3o"},"content":{"rendered":"\t\t<div data-elementor-type=\"wp-page\" data-elementor-id=\"2193\" class=\"elementor elementor-2193\" data-elementor-post-type=\"page\">\n\t\t\t\t<div class=\"elementor-element elementor-element-7cd1761 e-con-full e-flex e-con e-parent\" data-id=\"7cd1761\" data-element_type=\"container\" data-e-type=\"container\">\n\t\t\t\t<div class=\"elementor-element elementor-element-39fdefe elementor-widget elementor-widget-heading\" data-id=\"39fdefe\" data-element_type=\"widget\" data-e-type=\"widget\" data-widget_type=\"heading.default\">\n\t\t\t\t<div class=\"elementor-widget-container\">\n\t\t\t\t\t<h2 class=\"elementor-heading-title elementor-size-default\">Historial do Jardim de Inf\u00e2ncia de Alpalh\u00e3o<\/h2>\t\t\t\t<\/div>\n\t\t\t\t<\/div>\n\t\t\t\t<div class=\"elementor-element elementor-element-25f4a2b elementor-widget elementor-widget-text-editor\" data-id=\"25f4a2b\" data-element_type=\"widget\" data-e-type=\"widget\" data-widget_type=\"text-editor.default\">\n\t\t\t\t<div class=\"elementor-widget-container\">\n\t\t\t\t\t\t\t\t\t<p>Em constru\u00e7\u00e3o&#8230;<\/p><p>Lorem ipsum dolor sit amet, consectetur adipiscing elit. Ut elit tellus, luctus nec ullamcorper mattis, pulvinar dapibus leo.<\/p>\t\t\t\t\t\t\t\t<\/div>\n\t\t\t\t<\/div>\n\t\t\t\t<\/div>\n\t\t<div class=\"elementor-element elementor-element-b6007cd e-con-full e-flex e-con e-parent\" data-id=\"b6007cd\" data-element_type=\"container\" data-e-type=\"container\" data-settings=\"{&quot;background_background&quot;:&quot;classic&quot;}\">\n\t\t\t\t<div class=\"elementor-element elementor-element-5c3d755 elementor-widget elementor-widget-shortcode\" data-id=\"5c3d755\" data-element_type=\"widget\" data-e-type=\"widget\" data-widget_type=\"shortcode.default\">\n\t\t\t\t<div class=\"elementor-widget-container\">\n\t\t\t\t\t\t\t<div class=\"elementor-shortcode\">Data da \u00faltima altera\u00e7\u00e3o 19 de Junho, 2024<\/div>\n\t\t\t\t\t\t<\/div>\n\t\t\t\t<\/div>\n\t\t\t\t<\/div>\n\t\t\t\t<\/div>\n\t\t","protected":false},"excerpt":{"rendered":"<p>Historial do Jardim de Inf\u00e2ncia de Alpalh\u00e3o Em constru\u00e7\u00e3o&#8230; Lorem ipsum dolor sit amet, consectetur adipiscing elit. Ut elit tellus,&#8230;<\/p>\n","protected":false},"author":1,"featured_media":0,"parent":0,"menu_order":0,"comment_status":"closed","ping_status":"closed","template":"","meta":{"_lmt_disableupdate":"","_lmt_disable":"","footnotes":""},"class_list":["post-2193","page","type-page","status-publish","hentry"],"yoast_head":"<!-- This site is optimized with the Yoast SEO plugin v25.5 - https:\/\/yoast.com\/wordpress\/plugins\/seo\/ -->\n<title>Jardim de Inf\u00e2ncia de Alpalh\u00e3o - Agrupamento de Escolas Nisa<\/title>\n<meta name=\"robots\" content=\"index, follow, max-snippet:-1, max-image-preview:large, max-video-preview:-1\" \/>\n<link rel=\"canonical\" href=\"https:\/\/agrupamentonisa.edu.gov.pt\/site\/jardim-infancia-de-alpalhao\/\" \/>\n<meta property=\"og:locale\" content=\"pt_PT\" \/>\n<meta property=\"og:type\" content=\"article\" \/>\n<meta property=\"og:title\" content=\"Jardim de Inf\u00e2ncia de Alpalh\u00e3o - Agrupamento de Escolas Nisa\" \/>\n<meta property=\"og:description\" content=\"Historial do Jardim de Inf\u00e2ncia de Alpalh\u00e3o Em constru\u00e7\u00e3o&#8230; Lorem ipsum dolor sit amet, consectetur adipiscing elit. Ut elit tellus,...\" \/>\n<meta property=\"og:url\" content=\"https:\/\/agrupamentonisa.edu.gov.pt\/site\/jardim-infancia-de-alpalhao\/\" \/>\n<meta property=\"og:site_name\" content=\"Agrupamento de Escolas Nisa\" \/>\n<meta property=\"article:publisher\" content=\"https:\/\/www.facebook.com\/p\/Agrupamento-de-Escolas-de-Nisa-100031784060549\/?locale=pt_PT\" \/>\n<meta property=\"article:modified_time\" content=\"2024-06-19T09:36:23+00:00\" \/>\n<meta name=\"twitter:card\" content=\"summary_large_image\" \/>\n<script type=\"application\/ld+json\" class=\"yoast-schema-graph\">{\"@context\":\"https:\/\/schema.org\",\"@graph\":[{\"@type\":\"WebPage\",\"@id\":\"https:\/\/agrupamentonisa.edu.gov.pt\/site\/jardim-infancia-de-alpalhao\/\",\"url\":\"https:\/\/agrupamentonisa.edu.gov.pt\/site\/jardim-infancia-de-alpalhao\/\",\"name\":\"Jardim de Inf\u00e2ncia de Alpalh\u00e3o - Agrupamento de Escolas Nisa\",\"isPartOf\":{\"@id\":\"https:\/\/agrupamentonisa.edu.gov.pt\/site\/#website\"},\"datePublished\":\"2024-01-26T16:20:09+00:00\",\"dateModified\":\"2024-06-19T09:36:23+00:00\",\"breadcrumb\":{\"@id\":\"https:\/\/agrupamentonisa.edu.gov.pt\/site\/jardim-infancia-de-alpalhao\/#breadcrumb\"},\"inLanguage\":\"pt-PT\",\"potentialAction\":[{\"@type\":\"ReadAction\",\"target\":[\"https:\/\/agrupamentonisa.edu.gov.pt\/site\/jardim-infancia-de-alpalhao\/\"]}]},{\"@type\":\"BreadcrumbList\",\"@id\":\"https:\/\/agrupamentonisa.edu.gov.pt\/site\/jardim-infancia-de-alpalhao\/#breadcrumb\",\"itemListElement\":[{\"@type\":\"ListItem\",\"position\":1,\"name\":\"In\u00edcio\",\"item\":\"https:\/\/agrupamentonisa.edu.gov.pt\/site\/\"},{\"@type\":\"ListItem\",\"position\":2,\"name\":\"Jardim de Inf\u00e2ncia de Alpalh\u00e3o\"}]},{\"@type\":\"WebSite\",\"@id\":\"https:\/\/agrupamentonisa.edu.gov.pt\/site\/#website\",\"url\":\"https:\/\/agrupamentonisa.edu.gov.pt\/site\/\",\"name\":\"Agrupamento de Escolas Nisa\",\"description\":\"Site Escolar do Agrupamento de Escolas Nisa\",\"publisher\":{\"@id\":\"https:\/\/agrupamentonisa.edu.gov.pt\/site\/#organization\"},\"potentialAction\":[{\"@type\":\"SearchAction\",\"target\":{\"@type\":\"EntryPoint\",\"urlTemplate\":\"https:\/\/agrupamentonisa.edu.gov.pt\/site\/?s={search_term_string}\"},\"query-input\":{\"@type\":\"PropertyValueSpecification\",\"valueRequired\":true,\"valueName\":\"search_term_string\"}}],\"inLanguage\":\"pt-PT\"},{\"@type\":\"Organization\",\"@id\":\"https:\/\/agrupamentonisa.edu.gov.pt\/site\/#organization\",\"name\":\"Agrupamento de Escolas Nisa\",\"url\":\"https:\/\/agrupamentonisa.edu.gov.pt\/site\/\",\"logo\":{\"@type\":\"ImageObject\",\"inLanguage\":\"pt-PT\",\"@id\":\"https:\/\/agrupamentonisa.edu.gov.pt\/site\/#\/schema\/logo\/image\/\",\"url\":\"https:\/\/agrupamentonisa.edu.gov.pt\/site\/wp-content\/uploads\/2024\/03\/logo.png\",\"contentUrl\":\"https:\/\/agrupamentonisa.edu.gov.pt\/site\/wp-content\/uploads\/2024\/03\/logo.png\",\"width\":1086,\"height\":546,\"caption\":\"Agrupamento de Escolas Nisa\"},\"image\":{\"@id\":\"https:\/\/agrupamentonisa.edu.gov.pt\/site\/#\/schema\/logo\/image\/\"},\"sameAs\":[\"https:\/\/www.facebook.com\/p\/Agrupamento-de-Escolas-de-Nisa-100031784060549\/?locale=pt_PT\",\"https:\/\/www.youtube.com\/@canalyoutubeagrupamentonisa\"]}]}<\/script>\n<!-- \/ Yoast SEO plugin. -->","yoast_head_json":{"title":"Jardim de Inf\u00e2ncia de Alpalh\u00e3o - Agrupamento de Escolas Nisa","robots":{"index":"index","follow":"follow","max-snippet":"max-snippet:-1","max-image-preview":"max-image-preview:large","max-video-preview":"max-video-preview:-1"},"canonical":"https:\/\/agrupamentonisa.edu.gov.pt\/site\/jardim-infancia-de-alpalhao\/","og_locale":"pt_PT","og_type":"article","og_title":"Jardim de Inf\u00e2ncia de Alpalh\u00e3o - Agrupamento de Escolas Nisa","og_description":"Historial do Jardim de Inf\u00e2ncia de Alpalh\u00e3o Em constru\u00e7\u00e3o&#8230; Lorem ipsum dolor sit amet, consectetur adipiscing elit. Ut elit tellus,...","og_url":"https:\/\/agrupamentonisa.edu.gov.pt\/site\/jardim-infancia-de-alpalhao\/","og_site_name":"Agrupamento de Escolas Nisa","article_publisher":"https:\/\/www.facebook.com\/p\/Agrupamento-de-Escolas-de-Nisa-100031784060549\/?locale=pt_PT","article_modified_time":"2024-06-19T09:36:23+00:00","twitter_card":"summary_large_image","schema":{"@context":"https:\/\/schema.org","@graph":[{"@type":"WebPage","@id":"https:\/\/agrupamentonisa.edu.gov.pt\/site\/jardim-infancia-de-alpalhao\/","url":"https:\/\/agrupamentonisa.edu.gov.pt\/site\/jardim-infancia-de-alpalhao\/","name":"Jardim de Inf\u00e2ncia de Alpalh\u00e3o - Agrupamento de Escolas Nisa","isPartOf":{"@id":"https:\/\/agrupamentonisa.edu.gov.pt\/site\/#website"},"datePublished":"2024-01-26T16:20:09+00:00","dateModified":"2024-06-19T09:36:23+00:00","breadcrumb":{"@id":"https:\/\/agrupamentonisa.edu.gov.pt\/site\/jardim-infancia-de-alpalhao\/#breadcrumb"},"inLanguage":"pt-PT","potentialAction":[{"@type":"ReadAction","target":["https:\/\/agrupamentonisa.edu.gov.pt\/site\/jardim-infancia-de-alpalhao\/"]}]},{"@type":"BreadcrumbList","@id":"https:\/\/agrupamentonisa.edu.gov.pt\/site\/jardim-infancia-de-alpalhao\/#breadcrumb","itemListElement":[{"@type":"ListItem","position":1,"name":"In\u00edcio","item":"https:\/\/agrupamentonisa.edu.gov.pt\/site\/"},{"@type":"ListItem","position":2,"name":"Jardim de Inf\u00e2ncia de Alpalh\u00e3o"}]},{"@type":"WebSite","@id":"https:\/\/agrupamentonisa.edu.gov.pt\/site\/#website","url":"https:\/\/agrupamentonisa.edu.gov.pt\/site\/","name":"Agrupamento de Escolas Nisa","description":"Site Escolar do Agrupamento de Escolas Nisa","publisher":{"@id":"https:\/\/agrupamentonisa.edu.gov.pt\/site\/#organization"},"potentialAction":[{"@type":"SearchAction","target":{"@type":"EntryPoint","urlTemplate":"https:\/\/agrupamentonisa.edu.gov.pt\/site\/?s={search_term_string}"},"query-input":{"@type":"PropertyValueSpecification","valueRequired":true,"valueName":"search_term_string"}}],"inLanguage":"pt-PT"},{"@type":"Organization","@id":"https:\/\/agrupamentonisa.edu.gov.pt\/site\/#organization","name":"Agrupamento de Escolas Nisa","url":"https:\/\/agrupamentonisa.edu.gov.pt\/site\/","logo":{"@type":"ImageObject","inLanguage":"pt-PT","@id":"https:\/\/agrupamentonisa.edu.gov.pt\/site\/#\/schema\/logo\/image\/","url":"https:\/\/agrupamentonisa.edu.gov.pt\/site\/wp-content\/uploads\/2024\/03\/logo.png","contentUrl":"https:\/\/agrupamentonisa.edu.gov.pt\/site\/wp-content\/uploads\/2024\/03\/logo.png","width":1086,"height":546,"caption":"Agrupamento de Escolas Nisa"},"image":{"@id":"https:\/\/agrupamentonisa.edu.gov.pt\/site\/#\/schema\/logo\/image\/"},"sameAs":["https:\/\/www.facebook.com\/p\/Agrupamento-de-Escolas-de-Nisa-100031784060549\/?locale=pt_PT","https:\/\/www.youtube.com\/@canalyoutubeagrupamentonisa"]}]}},"_links":{"self":[{"href":"https:\/\/agrupamentonisa.edu.gov.pt\/site\/wp-json\/wp\/v2\/pages\/2193","targetHints":{"allow":["GET"]}}],"collection":[{"href":"https:\/\/agrupamentonisa.edu.gov.pt\/site\/wp-json\/wp\/v2\/pages"}],"about":[{"href":"https:\/\/agrupamentonisa.edu.gov.pt\/site\/wp-json\/wp\/v2\/types\/page"}],"author":[{"embeddable":true,"href":"https:\/\/agrupamentonisa.edu.gov.pt\/site\/wp-json\/wp\/v2\/users\/1"}],"replies":[{"embeddable":true,"href":"https:\/\/agrupamentonisa.edu.gov.pt\/site\/wp-json\/wp\/v2\/comments?post=2193"}],"version-history":[{"count":11,"href":"https:\/\/agrupamentonisa.edu.gov.pt\/site\/wp-json\/wp\/v2\/pages\/2193\/revisions"}],"predecessor-version":[{"id":3604,"href":"https:\/\/agrupamentonisa.edu.gov.pt\/site\/wp-json\/wp\/v2\/pages\/2193\/revisions\/3604"}],"wp:attachment":[{"href":"https:\/\/agrupamentonisa.edu.gov.pt\/site\/wp-json\/wp\/v2\/media?parent=2193"}],"curies":[{"name":"wp","href":"https:\/\/api.w.org\/{rel}","templated":true}]}}

Jardim de Infância de Alpalhão

<div data-elementor-type="wp-page" data-elementor-id="2193" class="elementor elementor-2193" data-elementor-post-type="page">
				<div class="elementor-element elementor-element-7cd1761 e-con-full e-flex e-con e-parent" data-id="7cd1761" data-element_type="container" data-e-type="container">
				<div class="elementor-element elementor-element-39fdefe elementor-widget elementor-widget-heading" data-id="39fdefe" data-element_type="widget" data-e-type="widget" data-widget_type="heading.default">
				<div class="elementor-widget-container">
					<h2 class="elementor-heading-title elementor-size-default">Historial do Jardim de Infância de Alpalhão</h2>				</div>
				</div>
				<div class="elementor-element elementor-element-25f4a2b elementor-widget elementor-widget-text-editor" data-id="25f4a2b" data-element_type="widget" data-e-type="widget" data-widget_type="text-editor.default">
				<div class="elementor-widget-container">
									<p>Em construção&#8230;</p><p>Lorem ipsum dolor sit amet, consectetur adipiscing elit. Ut elit tellus, luctus nec ullamcorper mattis, pulvinar dapibus leo.</p>								</div>
				</div>
				</div>
		<div class="elementor-element elementor-element-b6007cd e-con-full e-flex e-con e-parent" data-id="b6007cd" data-element_type="container" data-e-type="container" data-settings="{&quot;background_background&quot;:&quot;classic&quot;}">
				<div class="elementor-element elementor-element-5c3d755 elementor-widget elementor-widget-shortcode" data-id="5c3d755" data-element_type="widget" data-e-type="widget" data-widget_type="shortcode.default">
				<div class="elementor-widget-container">
							<div class="elementor-shortcode">Data da última alteração 19 de Junho, 2024</div>
						</div>
				</div>
				</div>
				</div>

<p>Historial do Jardim de Infância de Alpalhão Em construção&#8230; Lorem ipsum dolor sit amet, consectetur adipiscing elit. Ut elit tellus,&#8230;</p>

<!-- This site is optimized with the Yoast SEO plugin v25.5 - https://yoast.com/wordpress/plugins/seo/ -->
<title>Jardim de Infância de Alpalhão - Agrupamento de Escolas Nisa</title>
<meta name="robots" content="index, follow, max-snippet:-1, max-image-preview:large, max-video-preview:-1" />
<link rel="canonical" href="https://agrupamentonisa.edu.gov.pt/site/jardim-infancia-de-alpalhao/" />
<meta property="og:locale" content="pt_PT" />
<meta property="og:type" content="article" />
<meta property="og:title" content="Jardim de Infância de Alpalhão - Agrupamento de Escolas Nisa" />
<meta property="og:description" content="Historial do Jardim de Infância de Alpalhão Em construção&#8230; Lorem ipsum dolor sit amet, consectetur adipiscing elit. Ut elit tellus,..." />
<meta property="og:url" content="https://agrupamentonisa.edu.gov.pt/site/jardim-infancia-de-alpalhao/" />
<meta property="og:site_name" content="Agrupamento de Escolas Nisa" />
<meta property="article:publisher" content="https://www.facebook.com/p/Agrupamento-de-Escolas-de-Nisa-100031784060549/?locale=pt_PT" />
<meta property="article:modified_time" content="2024-06-19T09:36:23+00:00" />
<meta name="twitter:card" content="summary_large_image" />
<script type="application/ld+json" class="yoast-schema-graph">{"@context":"https://schema.org","@graph":[{"@type":"WebPage","@id":"https://agrupamentonisa.edu.gov.pt/site/jardim-infancia-de-alpalhao/","url":"https://agrupamentonisa.edu.gov.pt/site/jardim-infancia-de-alpalhao/","name":"Jardim de Infância de Alpalhão - Agrupamento de Escolas Nisa","isPartOf":{"@id":"https://agrupamentonisa.edu.gov.pt/site/#website"},"datePublished":"2024-01-26T16:20:09+00:00","dateModified":"2024-06-19T09:36:23+00:00","breadcrumb":{"@id":"https://agrupamentonisa.edu.gov.pt/site/jardim-infancia-de-alpalhao/#breadcrumb"},"inLanguage":"pt-PT","potentialAction":[{"@type":"ReadAction","target":["https://agrupamentonisa.edu.gov.pt/site/jardim-infancia-de-alpalhao/"]}]},{"@type":"BreadcrumbList","@id":"https://agrupamentonisa.edu.gov.pt/site/jardim-infancia-de-alpalhao/#breadcrumb","itemListElement":[{"@type":"ListItem","position":1,"name":"Início","item":"https://agrupamentonisa.edu.gov.pt/site/"},{"@type":"ListItem","position":2,"name":"Jardim de Infância de Alpalhão"}]},{"@type":"WebSite","@id":"https://agrupamentonisa.edu.gov.pt/site/#website","url":"https://agrupamentonisa.edu.gov.pt/site/","name":"Agrupamento de Escolas Nisa","description":"Site Escolar do Agrupamento de Escolas Nisa","publisher":{"@id":"https://agrupamentonisa.edu.gov.pt/site/#organization"},"potentialAction":[{"@type":"SearchAction","target":{"@type":"EntryPoint","urlTemplate":"https://agrupamentonisa.edu.gov.pt/site/?s={search_term_string}"},"query-input":{"@type":"PropertyValueSpecification","valueRequired":true,"valueName":"search_term_string"}}],"inLanguage":"pt-PT"},{"@type":"Organization","@id":"https://agrupamentonisa.edu.gov.pt/site/#organization","name":"Agrupamento de Escolas Nisa","url":"https://agrupamentonisa.edu.gov.pt/site/","logo":{"@type":"ImageObject","inLanguage":"pt-PT","@id":"https://agrupamentonisa.edu.gov.pt/site/#/schema/logo/image/","url":"https://agrupamentonisa.edu.gov.pt/site/wp-content/uploads/2024/03/logo.png","contentUrl":"https://agrupamentonisa.edu.gov.pt/site/wp-content/uploads/2024/03/logo.png","width":1086,"height":546,"caption":"Agrupamento de Escolas Nisa"},"image":{"@id":"https://agrupamentonisa.edu.gov.pt/site/#/schema/logo/image/"},"sameAs":["https://www.facebook.com/p/Agrupamento-de-Escolas-de-Nisa-100031784060549/?locale=pt_PT","https://www.youtube.com/@canalyoutubeagrupamentonisa"]}]}</script>
<!-- / Yoast SEO plugin. -->

Jardim de Infância de Alpalhão - Agrupamento de Escolas Nisa

Historial do Jardim de Infância de Alpalhão Em construção&#8230; Lorem ipsum dolor sit amet, consectetur adipiscing elit. Ut elit tellus,...

Início
